[INFO] cloning repository https://github.com/EFulmer/tracklift-rs
[INFO] running `Command { std: "git" "-c" "credential.helper=" "-c" "credential.helper=/workspace/cargo-home/bin/git-credential-null" "clone" "--bare" "https://github.com/EFulmer/tracklift-rs" "/workspace/cache/git-repos/https%3A%2F%2Fgithub.com%2FEFulmer%2Ftracklift-rs", kill_on_drop: false }`
[INFO] [stderr] Cloning into bare repository '/workspace/cache/git-repos/https%3A%2F%2Fgithub.com%2FEFulmer%2Ftracklift-rs'...
[INFO] running `Command { std: "git" "rev-parse" "HEAD", kill_on_drop: false }`
[INFO] [stdout] cd6683977ceedecd2ceb01fed97c65abd8b43927
[INFO] checking EFulmer/tracklift-rs against master#af3c6e733a40e671550e0f0f5aeecaa13772ba56 for pr-74989
[INFO] running `Command { std: "git" "clone" "/workspace/cache/git-repos/https%3A%2F%2Fgithub.com%2FEFulmer%2Ftracklift-rs" "/workspace/builds/worker-5/source", kill_on_drop: false }`
[INFO] [stderr] Cloning into '/workspace/builds/worker-5/source'...
[INFO] [stderr] done.
[INFO] validating manifest of git repo https://github.com/EFulmer/tracklift-rs on toolchain af3c6e733a40e671550e0f0f5aeecaa13772ba56
[INFO] running `Command { std: "/workspace/cargo-home/bin/cargo" "+af3c6e733a40e671550e0f0f5aeecaa13772ba56" "read-manifest" "--manifest-path" "Cargo.toml", kill_on_drop: false }`
[INFO] started tweaking git repo https://github.com/EFulmer/tracklift-rs
[INFO] finished tweaking git repo https://github.com/EFulmer/tracklift-rs
[INFO] tweaked toml for git repo https://github.com/EFulmer/tracklift-rs written to /workspace/builds/worker-5/source/Cargo.toml
[INFO] crate git repo https://github.com/EFulmer/tracklift-rs already has a lockfile, it will not be regenerated
[INFO] running `Command { std: "/workspace/cargo-home/bin/cargo" "+af3c6e733a40e671550e0f0f5aeecaa13772ba56" "fetch" "--locked" "--manifest-path" "Cargo.toml", kill_on_drop: false }`
[INFO] [stderr] warning: unused manifest key: dependencies.diesel.feaures
[INFO] [stderr]  Downloading crates ...
[INFO] [stderr]   Downloaded diesel v1.3.3
[INFO] running `Command { std: "docker" "create" "-v" "/var/lib/crater-agent-workspace/builds/worker-5/target:/opt/rustwide/target:rw,Z" "-v" "/var/lib/crater-agent-workspace/builds/worker-5/source:/opt/rustwide/workdir:ro,Z" "-v" "/var/lib/crater-agent-workspace/cargo-home:/opt/rustwide/cargo-home:ro,Z" "-v" "/var/lib/crater-agent-workspace/rustup-home:/opt/rustwide/rustup-home:ro,Z" "-e" "SOURCE_DIR=/opt/rustwide/workdir" "-e" "CARGO_TARGET_DIR=/opt/rustwide/target" "-e" "CARGO_HOME=/opt/rustwide/cargo-home" "-e" "RUSTUP_HOME=/opt/rustwide/rustup-home" "-w" "/opt/rustwide/workdir" "-m" "1610612736" "--user" "0:0" "--network" "none" "rustops/crates-build-env@sha256:d92eaeed33fa75130ca1ee6c8a01d1ffb62bac859dfdfb3450e3e5d1c0146529" "/opt/rustwide/cargo-home/bin/cargo" "+af3c6e733a40e671550e0f0f5aeecaa13772ba56" "metadata" "--no-deps" "--format-version=1", kill_on_drop: false }`
[INFO] [stdout] 39ff68a550392708576da8b1d8cd40daccf8ae9aa3b17dfa217cf49dea2b3906
[INFO] [stderr] WARNING: Your kernel does not support swap limit capabilities or the cgroup is not mounted. Memory limited without swap.
[INFO] running `Command { std: "docker" "start" "-a" "39ff68a550392708576da8b1d8cd40daccf8ae9aa3b17dfa217cf49dea2b3906", kill_on_drop: false }`
[INFO] running `Command { std: "docker" "inspect" "39ff68a550392708576da8b1d8cd40daccf8ae9aa3b17dfa217cf49dea2b3906", kill_on_drop: false }`
[INFO] running `Command { std: "docker" "rm" "-f" "39ff68a550392708576da8b1d8cd40daccf8ae9aa3b17dfa217cf49dea2b3906", kill_on_drop: false }`
[INFO] [stdout] 39ff68a550392708576da8b1d8cd40daccf8ae9aa3b17dfa217cf49dea2b3906
[INFO] running `Command { std: "docker" "create" "-v" "/var/lib/crater-agent-workspace/builds/worker-5/target:/opt/rustwide/target:rw,Z" "-v" "/var/lib/crater-agent-workspace/builds/worker-5/source:/opt/rustwide/workdir:ro,Z" "-v" "/var/lib/crater-agent-workspace/cargo-home:/opt/rustwide/cargo-home:ro,Z" "-v" "/var/lib/crater-agent-workspace/rustup-home:/opt/rustwide/rustup-home:ro,Z" "-e" "SOURCE_DIR=/opt/rustwide/workdir" "-e" "CARGO_TARGET_DIR=/opt/rustwide/target" "-e" "CARGO_INCREMENTAL=0" "-e" "RUST_BACKTRACE=full" "-e" "RUSTFLAGS=--cap-lints=forbid" "-e" "CARGO_HOME=/opt/rustwide/cargo-home" "-e" "RUSTUP_HOME=/opt/rustwide/rustup-home" "-w" "/opt/rustwide/workdir" "-m" "1610612736" "--user" "0:0" "--network" "none" "rustops/crates-build-env@sha256:d92eaeed33fa75130ca1ee6c8a01d1ffb62bac859dfdfb3450e3e5d1c0146529" "/opt/rustwide/cargo-home/bin/cargo" "+af3c6e733a40e671550e0f0f5aeecaa13772ba56" "check" "--frozen" "--all" "--all-targets" "--message-format=json", kill_on_drop: false }`
[INFO] [stdout] 423a2134863fda33e5893d9a1f18bc057115b9e96f7ba7177c6d767234433dd9
[INFO] [stderr] WARNING: Your kernel does not support swap limit capabilities or the cgroup is not mounted. Memory limited without swap.
[INFO] running `Command { std: "docker" "start" "-a" "423a2134863fda33e5893d9a1f18bc057115b9e96f7ba7177c6d767234433dd9", kill_on_drop: false }`
[INFO] [stderr] warning: unused manifest key: dependencies.diesel.feaures
[INFO] [stderr]    Compiling num-traits v0.2.6
[INFO] [stderr]    Compiling proc-macro2 v0.3.8
[INFO] [stderr]     Checking time v0.1.41
[INFO] [stderr]    Compiling quote v0.5.2
[INFO] [stderr]    Compiling syn v0.13.11
[INFO] [stderr]     Checking num-integer v0.1.39
[INFO] [stderr]     Checking chrono v0.4.6
[INFO] [stderr]    Compiling diesel_derives v1.3.0
[INFO] [stderr]     Checking diesel v1.3.3
[INFO] [stderr]     Checking tracklift-rs v0.1.0 (/opt/rustwide/workdir)
[INFO] [stdout] error: cannot find derive macro `Show` in this scope
[INFO] [stdout]   --> src/main.rs:11:10
[INFO] [stdout]    |
[INFO] [stdout] 11 | #[derive(Show, Ord)]
[INFO] [stdout]    |          ^^^^
[INFO] [stdout] 
[INFO] [stdout] 
[INFO] [stdout] warning: unused import: `Read`
[INFO] [stdout]  --> src/main.rs:4:21
[INFO] [stdout]   |
[INFO] [stdout] 4 | use std::io::{self, Read};
[INFO] [stdout]   |                     ^^^^
[INFO] [stdout]   |
[INFO] [stdout]   = note: `#[warn(unused_imports)]` on by default
[INFO] [stdout] 
[INFO] [stdout] 
[INFO] [stdout] error: cannot find derive macro `Show` in this scope
[INFO] [stdout]   --> src/main.rs:11:10
[INFO] [stdout]    |
[INFO] [stdout] 11 | #[derive(Show, Ord)]
[INFO] [stdout]    |          ^^^^
[INFO] [stdout] 
[INFO] [stdout] 
[INFO] [stdout] warning: unused import: `Read`
[INFO] [stdout]  --> src/main.rs:4:21
[INFO] [stdout]   |
[INFO] [stdout] 4 | use std::io::{self, Read};
[INFO] [stdout]   |                     ^^^^
[INFO] [stdout]   |
[INFO] [stdout]   = note: `#[warn(unused_imports)]` on by default
[INFO] [stdout] 
[INFO] [stdout] 
[INFO] [stdout] error[E0277]: can't compare `Workout` with `Workout`
[INFO] [stdout]    --> src/main.rs:11:16
[INFO] [stdout]     |
[INFO] [stdout] 11  | #[derive(Show, Ord)]
[INFO] [stdout]     |                ^^^ no implementation for `Workout < Workout` and `Workout > Workout`
[INFO] [stdout]     |
[INFO] [stdout]     = help: the trait `PartialOrd` is not implemented for `Workout`
[INFO] [stdout]     = note: this error originates in a derive macro (in Nightly builds, run with -Z macro-backtrace for more info)
[INFO] [stdout] 
[INFO] [stdout] 
[INFO] [stdout] error[E0277]: can't compare `Workout` with `Workout`
[INFO] [stdout]    --> src/main.rs:11:16
[INFO] [stdout]     |
[INFO] [stdout] 11  | #[derive(Show, Ord)]
[INFO] [stdout]     |                ^^^ no implementation for `Workout < Workout` and `Workout > Workout`
[INFO] [stdout]     |
[INFO] [stdout]     = help: the trait `PartialOrd` is not implemented for `Workout`
[INFO] [stdout]     = note: this error originates in a derive macro (in Nightly builds, run with -Z macro-backtrace for more info)
[INFO] [stdout] 
[INFO] [stdout] 
[INFO] [stdout] error[E0277]: the trait bound `Workout: Eq` is not satisfied
[INFO] [stdout]    --> src/main.rs:11:16
[INFO] [stdout]     |
[INFO] [stdout] 11  | #[derive(Show, Ord)]
[INFO] [stdout]     |                ^^^ the trait `Eq` is not implemented for `Workout`
[INFO] [stdout]     |
[INFO] [stdout]     = note: this error originates in a derive macro (in Nightly builds, run with -Z macro-backtrace for more info)
[INFO] [stdout] 
[INFO] [stdout] 
[INFO] [stdout] error: aborting due to 3 previous errors; 1 warning emitted
[INFO] [stdout] 
[INFO] [stdout] 
[INFO] [stdout] For more information about this error, try `rustc --explain E0277`.
[INFO] [stdout] 
[INFO] [stdout] error[E0277]: the trait bound `Workout: Eq` is not satisfied
[INFO] [stdout]    --> src/main.rs:11:16
[INFO] [stdout]     |
[INFO] [stdout] 11  | #[derive(Show, Ord)]
[INFO] [stdout]     |                ^^^ the trait `Eq` is not implemented for `Workout`
[INFO] [stdout]     |
[INFO] [stdout]     = note: this error originates in a derive macro (in Nightly builds, run with -Z macro-backtrace for more info)
[INFO] [stdout] 
[INFO] [stdout] 
[INFO] [stdout] error: aborting due to 3 previous errors; 1 warning emitted
[INFO] [stdout] 
[INFO] [stdout] 
[INFO] [stdout] For more information about this error, try `rustc --explain E0277`.
[INFO] [stdout] 
[INFO] [stderr] error: could not compile `tracklift-rs`.
[INFO] [stderr] 
[INFO] [stderr] To learn more, run the command again with --verbose.
[INFO] [stderr] warning: build failed, waiting for other jobs to finish...
[INFO] [stderr] error: build failed
[INFO] running `Command { std: "docker" "inspect" "423a2134863fda33e5893d9a1f18bc057115b9e96f7ba7177c6d767234433dd9", kill_on_drop: false }`
[INFO] running `Command { std: "docker" "rm" "-f" "423a2134863fda33e5893d9a1f18bc057115b9e96f7ba7177c6d767234433dd9", kill_on_drop: false }`
[INFO] [stdout] 423a2134863fda33e5893d9a1f18bc057115b9e96f7ba7177c6d767234433dd9
